e 4.
22003023
Convert 6042 (base 7) to base 10.
2088
What is -16453 (base 10) in base 14?
-5dd3
-48 (base 9) to base 2
-101100
301210 (base 6) to base 2
101110001000110
What is -7794 (base 10) in base 14?
-2baa
Convert -3303 (base 13) to base 7.
-26463
What is -6556 (base 12) in base 2?
-10101110010010
What is 882 (base 9) in base 16?
2d2
Convert -22200002 (base 3) to base 4.
-1202300
What is 32411 (base 8) in base 5?
413302
What is 147c (base 16) in base 9?
7166
What is 1b91 (base 12) in base 13?
1732
What is -2105 (base 6) in base 3?
-122112
Convert 1100111100111 (base 2) to base 16.
19e7
-8d7 (base 14) to base 2
-11011011101
7625 (base 8) to base 14
164d
What is 126 (base 8) in base 7?
152
Convert -333001 (base 4) to base 8.
-7701
1101000 (base 3) to base 6
4343
Convert -10011220000 (base 3) to base 9.
-104800
What is 2330 (base 9) in base 10?
1728
What is 10121222 (base 3) in base 9?
3558
Convert 594 (base 11) to base 9.
866
What is 313 (base 14) in base 10?
605
-60454 (base 7) to base 16
-3931
Convert -1100010000001 (base 2) to base 10.
-6273
102201 (base 3) to base 8
474
-11100 (base 2) to base 5
-103
What is 1302 (base 12) in base 5?
32122
-100133 (base 4) to base 8
-2037
-896 (base 16) to base 7
-6260
What is -84 (base 11) in base 6?
-232
-71a (base 11) to base 6
-4004
What is -10321233 (base 4) in base 7?
-112353
What is 49d2 (base 14) in base 8?
31174
-1369 (base 13) to base 15
-c61
-27e0 (base 16) to base 9
-15002
Convert -2003 (base 5) to base 3.
-100101
-41226 (base 8) to base 14
-62d8
What is -6261 (base 7) in base 6?
-14103
What is -11ba (base 15) in base 11?
-2922
-15516 (base 7) to base 15
-1469
Convert -d1b (base 15) to base 6.
-21355
67868 (base 9) to base 4
23001323
What is 11000101110 (base 2) in base 16?
62e
-100011010001110 (base 2) to base 16
-468e
What is 69 (base 15) in base 4?
1203
What is -12431 (base 11) in base 7?
-102646
Convert 11690 (base 13) to base 10.
31889
28 (base 13) to base 8
42
-27e (base 15) to base 10
-569
What is 4858 (base 13) in base 16?
27e5
Convert -12264 (base 9) to base 10.
-8239
What is -50161 (base 9) in base 6?
-412301
-304 (base 9) to base 4
-3313
Convert -38a (base 11) to base 9.
-562
What is 3267 (base 13) in base 12?
4086
Convert -7610 (base 9) to base 2.
-1010111011110
5713 (base 9) to base 8
10200
454 (base 11) to base 4
20133
-3032 (base 4) to base 12
-152
What is 211120 (base 5) in base 2?
1101101111011
What is -1133302 (base 4) in base 6?
-44214
What is -140410 (base 5) in base 8?
-13142
What is -20014 (base 5) in base 4?
-103223
Convert -1498 (base 12) to base 4.
-211310
4144 (base 6) to base 12
654
1505 (base 6) to base 3
112212
What is 1655 (base 7) in base 8?
1245
What is 2222012 (base 3) in base 15?
995
32be (base 15) to base 4
2220002
Convert -688 (base 16) to base 12.
-b74
-9c5 (base 16) to base 5
-40001
Convert -231400 (base 6) to base 16.
-4d58
131bb (base 12) to base 2
110011001011111
What is -6295 (base 16) in base 9?
-37551
-10101023 (base 4) to base 13
-7c5b
What is 1454 (base 6) in base 2?
110001010
Convert -23055 (base 7) to base 10.
-5871
-64b (base 14) to base 11
-a30
1100001100001 (base 2) to base 10
6241
52 (base 8) to base 7
60
What is -2a45 (base 12) in base 2?
-1001101010101
What is 11011010011 (base 2) in base 3?
2101201
-a4b7 (base 14) to base 7
-145520
What is 43630 (base 9) in base 13?
10236
31b (base 16) to base 4
30123
2434 (base 7) to base 8
1613
What is 41632 (base 8) in base 2?
100001110011010
What is 567 (base 10) in base 15?
27c
What is 576 (base 15) in base 11?
a24
Convert -2427 (base 11) to base 6.
-22411
Convert 300200 (base 4) to base 16.
c20
2512 (base 6) to base 8
1154
-11bb (base 13) to base 3
-10110100
-1204 (base 7) to base 6
-2021
What is 2242 (base 6) in base 2?
1000010010
692 (base 10) to base 5
10232
Convert -1230041 (base 5) to base 4.
-11303123
What is 1230132 (base 5) in base 6?
302052
Convert -143231 (base 5) to base 11.
-4615
What is -5546 (base 10) in base 2?
-1010110101010
What is -3031 (base 7) in base 15?
-4a1
Convert 617 (base 11) to base 3.
1000120
2203304 (base 5) to base 15
b3a4
11222 (base 3) to base 14
98
What is -1020121220 (base 3) in base 4?
-11333001
What is -17031 (base 11) in base 2?
-101110110111000
-11dc (base 16) to base 2
-1000111011100
What is 2310 (base 9) in base 7?
4662
Convert -2832 (base 9) to base 16.
-857
Convert 86 (base 16) to base 15.
8e
What is 1115 (base 7) in base 14?
20c
Convert -120044 (base 7) to base 10.
-21641
Convert -1010c (base 14) to base 16.
-96e0
What is 19cd (base 15) in base 2?
1010111011001
1202433 (base 5) to base 4
11123203
Convert -1011110101111101 (base 2) to base 14.
-1396d
Convert -101241 (base 6) to base 11.
-6094
What is 29916 (base 11) in base 13?
16390
-34981 (base 10) to base 11
-24311
Convert -47 (base 14) to base 15.
-43
Convert 32234 (base 5) to base 12.
132a
-540 (base 16) to base 13
-7c5
Convert -7330 (base 9) to base 7.
-21444
-16654 (base 7) to base 2
-1001010111000
What is -100212102 (base 3) in base 10?
-7193
-b9b (base 12) to base 4
-122213
What is -210100222 (base 3) in base 11?
-10782
767 (base 8) to base 2
111110111
-191 (base 11) to base 8
-335
What is -10bb (base 12) in base 10?
-1871
Convert -1100000100100 (base 2) to base 3.
-22110220
Convert b8 (base 14) to base 9.
200
Convert -1204004 (base 5) to base 4.
-11131223
Convert -32332 (base 4) to base 6.
-4234
92bb (base 16) to base 5
2200223
-123 (base 7) to base 3
-2110
What is -666 (base 16) in base 2?
-11001100110
199 (base 10) to base 16
c7
-1223 (base 10) to base 3
-1200022
Convert 20443 (base 7) to base 12.
2ab1
56240 (base 8) to base 3
1012112020
What is -4421 (base 7) in base 16?
-62f
Convert 21312 (base 11) to base 3.
1120111202
What is -3a8 (base 12) in base 5?
-4220
What is -105446 (base 7) in base 3?
-221201112
Convert -1101010100 (base 2) to base 14.
-44c
5103 (base 10) to base 3
21000000
-220 (base 11) to base 16
-108
Convert 8919 (base 14) to base 6.
301523
-4151 (base 10) to base 4
-1000313
-101011001111110 (base 2) to base 10
-22142
121010110 (base 3) to base 4
2313231
16087 (base 9) to base 16
2b06
Convert 11310 (base 6) to base 11.
1249
Convert -3031 (base 12) to base 10.
-5221
100a3 (base 11) to base 5
433004
What is -2677 (base 8) in base 10?
-1471
Convert 20102111 (base 3) to base 5.
122214
8191 (base 12) to base 14
51b7
What is -2414 (base 7) in base 11?
-742
Convert 6439 (base 14) to base 10.
17299
What is -4494 (base 11) in base 12?
-3507
What is -210201 (base 4) in base 13?
-10aa
-2202 (base 9) to base 12
-b32
4023 (base 8) to base 13
c30
Convert -2927 (base 10) to base 11.
-2221
777 (base 14) to base 2
10111000101
What is 10874 (base 9) in base 7?
30133
What is 1134 (base 7) in base 4?
12201
418 (base 10) to base 13
262
5352 (base 9) to base 12
233b
What is -15590 (base 12) in base 4?
-13113330
-3101113 (base 5) to base 9
-75721
254 (base 13) to base 5
3112
Convert -191a (base 13) to base 4.
-322131
What is 2256 (base 7) in base 10?
825
Convert 540 (base 11) to base 14.
345
What is 1b75 (base 12) in base 9?
4588
Convert 221110 (base 3) to base 13.
40b
-33233 (base 4) to base 7
-2636
Convert -3a89 (base 11) to base 3.
-21021022
-15545 (base 6) to base 2
-101000011001
Convert 1244 (base 10) to base 15.
57e
-3030 (base 4) to base 6
-540
10111001 (base 2) to base 12
135
Convert -119 (base 15) to base 16.
-f9
122213 (base 5) to base 13
2193
What is -774 (base 12) in base 16?
-448
Convert 2172 (base 11) to base 9.
3830
-140143 (base 6) to base 15
-3cd3
Convert -33c (base 13) to base 16.
-22e
Convert 220 (base 3) to base 8.
30
Convert 101202122 (base 3) to base 2.
1111010100111
-16461 (base 7) to base 11
-3591
42 (base 9) to base 6
102
Convert 22e0 (base 15) to base 2.
1110011110010
Convert -16001 (base 7) to base 9.
-6105
What is -1367 (base 8) in base 12?
-533
Convert -259a4 (base 12) to base 4.
-30211030
What is -447 (base 8) in base 16?
-127
-1100100101000010 (base 2) to base 9
-77606
What is -131726 (base 8) in base 4?
-23033112
What is 10222202102 (base 3) in base 7?
445010
1003323 (base 4) to base 3
12222000
Convert 21212012 (base 3) to base 11.
4339
-352 (base 10) to base 16
-160
Convert 1bc (base 13) to base 7.
642
353 (base 11) to base 10
421
What is 3419 (base 13) in base 8?
